{"id":6764,"date":"2026-04-08T16:20:36","date_gmt":"2026-04-08T16:20:36","guid":{"rendered":"https:\/\/ackyshop.com\/?post_type=product&#038;p=6764"},"modified":"2026-04-08T16:28:51","modified_gmt":"2026-04-08T16:28:51","slug":"redmi-a5-64gb-ram-3","status":"publish","type":"product","link":"https:\/\/ackyshop.com\/index.php\/product\/redmi-a5-64gb-ram-3\/","title":{"rendered":"Redmi A5 64GB Ram 3"},"content":{"rendered":"<p>Redmi A5 64GB Ram 3<\/p>\n<ul>\n<li data-start=\"72\" data-end=\"122\">\n<p data-start=\"74\" data-end=\"122\"><strong data-start=\"74\" data-end=\"84\">Mod\u00e8le<\/strong>\u00a0: Redmi A5<\/p>\n<\/li>\n<li data-start=\"123\" data-end=\"156\">\n<p data-start=\"125\" data-end=\"156\"><strong data-start=\"125\" data-end=\"139\">Processeur<\/strong>\u00a0: UNISOC T7250<\/p>\n<\/li>\n<li data-start=\"157\" data-end=\"194\">\n<p data-start=\"159\" data-end=\"194\"><strong data-start=\"159\" data-end=\"181\">M\u00e9moire vive (RAM)<\/strong>\u00a0:\u00a0<strong data-start=\"184\" data-end=\"192\">3 Go<\/strong><\/p>\n<\/li>\n<li data-start=\"195\" data-end=\"231\">\n<p data-start=\"197\" data-end=\"231\"><strong data-start=\"197\" data-end=\"217\">Stockage interne<\/strong>\u00a0:\u00a0<strong data-start=\"220\" data-end=\"229\">64 Go<\/strong><\/p>\n<\/li>\n<li data-start=\"232\" data-end=\"278\">\n<p data-start=\"234\" data-end=\"278\"><strong data-start=\"234\" data-end=\"243\">\u00c9cran<\/strong>\u00a0: Grand \u00e9cran de\u00a0<strong data-start=\"261\" data-end=\"276\">6,88 pouces<\/strong><\/p>\n<\/li>\n<li data-start=\"279\" data-end=\"316\">\n<p data-start=\"281\" data-end=\"316\"><strong data-start=\"281\" data-end=\"302\">Cam\u00e9ra principale<\/strong>\u00a0:\u00a0<strong data-start=\"305\" data-end=\"314\">32 MP<\/strong><\/p>\n<\/li>\n<li data-start=\"317\" data-end=\"355\">\n<p data-start=\"319\" data-end=\"355\"><strong data-start=\"319\" data-end=\"331\">Batterie<\/strong>\u00a0:\u00a0<strong data-start=\"334\" data-end=\"346\">5200 mAh<\/strong>\u00a0(type)<\/p>\n<\/li>\n<li data-start=\"356\" data-end=\"411\">\n<p data-start=\"358\" data-end=\"411\"><strong data-start=\"358\" data-end=\"374\">Connectivit\u00e9<\/strong>\u00a0: Double carte SIM + carte microSD<\/p>\n<\/li>\n<li data-start=\"412\" data-end=\"451\">\n<p data-start=\"414\" data-end=\"451\"><strong data-start=\"414\" data-end=\"423\">Audio<\/strong>\u00a0: Prise casque\u00a0<strong data-start=\"439\" data-end=\"449\">3,5 mm<\/strong><\/p>\n<\/li>\n<li data-start=\"452\" data-end=\"510\">\n<p data-start=\"454\" data-end=\"510\"><strong data-start=\"454\" data-end=\"480\">Syst\u00e8me d\u2019exploitation<\/strong>\u00a0:\u00a0<strong data-start=\"483\" data-end=\"510\">Android 15 (Go Edition)<\/strong><\/p>\n<\/li>\n<\/ul>\n","protected":false},"excerpt":{"rendered":"<p>Le\u00a0<strong data-start=\"3\" data-end=\"15\">Redmi A5<\/strong>\u00a0avec\u00a0<strong data-start=\"21\" data-end=\"42\">64 Go de stockage<\/strong>\u00a0et\u00a0<strong data-start=\"46\" data-end=\"61\">3 Go de RAM<\/strong>\u00a0est un smartphone abordable qui offre un bon \u00e9quilibre entre performance et simplicit\u00e9. Con\u00e7u pour un usage quotidien, il permet de naviguer sur Internet, utiliser les r\u00e9seaux sociaux et lancer des applications courantes sans ralentissement majeur. Son espace de stockage de 64 Go est suffisant pour conserver vos photos, vid\u00e9os et applications essentielles, avec la possibilit\u00e9 d\u2019ajouter une carte m\u00e9moire pour encore plus d\u2019espace. Dot\u00e9 d\u2019un design \u00e9l\u00e9gant et d\u2019une interface intuitive sous Android, le Redmi A5 est un excellent choix pour ceux qui recherchent un smartphone fiable et \u00e9conomique.<\/p>\n","protected":false},"featured_media":6767,"comment_status":"open","ping_status":"closed","template":"","meta":[],"product_brand":[152],"product_cat":[146],"product_tag":[],"class_list":{"0":"post-6764","1":"product","2":"type-product","3":"status-publish","4":"has-post-thumbnail","6":"product_brand-xiaomi","7":"product_cat-smartphones","9":"first","10":"instock","11":"shipping-taxable","12":"product-type-simple"},"_cost_price":"","_links":{"self":[{"href":"https:\/\/ackyshop.com\/index.php\/wp-json\/wp\/v2\/product\/6764","targetHints":{"allow":["GET"]}}],"collection":[{"href":"https:\/\/ackyshop.com\/index.php\/wp-json\/wp\/v2\/product"}],"about":[{"href":"https:\/\/ackyshop.com\/index.php\/wp-json\/wp\/v2\/types\/product"}],"replies":[{"embeddable":true,"href":"https:\/\/ackyshop.com\/index.php\/wp-json\/wp\/v2\/comments?post=6764"}],"wp:featuredmedia":[{"embeddable":true,"href":"https:\/\/ackyshop.com\/index.php\/wp-json\/wp\/v2\/media\/6767"}],"wp:attachment":[{"href":"https:\/\/ackyshop.com\/index.php\/wp-json\/wp\/v2\/media?parent=6764"}],"wp:term":[{"taxonomy":"product_brand","embeddable":true,"href":"https:\/\/ackyshop.com\/index.php\/wp-json\/wp\/v2\/product_brand?post=6764"},{"taxonomy":"product_cat","embeddable":true,"href":"https:\/\/ackyshop.com\/index.php\/wp-json\/wp\/v2\/product_cat?post=6764"},{"taxonomy":"product_tag","embeddable":true,"href":"https:\/\/ackyshop.com\/index.php\/wp-json\/wp\/v2\/product_tag?post=6764"}],"curies":[{"name":"wp","href":"https:\/\/api.w.org\/{rel}","templated":true}]}}