{"id":6680,"date":"2026-04-08T10:54:20","date_gmt":"2026-04-08T10:54:20","guid":{"rendered":"https:\/\/ackyshop.com\/?post_type=product&#038;p=6680"},"modified":"2026-04-08T11:06:52","modified_gmt":"2026-04-08T11:06:52","slug":"samsung-galaxy-a07-128-go-ram-4-go","status":"publish","type":"product","link":"https:\/\/ackyshop.com\/index.php\/product\/samsung-galaxy-a07-128-go-ram-4-go\/","title":{"rendered":"Samsung Galaxy A07 \u2013 128 Go \u2013 Ram 4 Go"},"content":{"rendered":"<p>Samsung Galaxy A07 128\u00a0 Go\u00a0 Ram 4 Go<\/p>\n<ul data-start=\"45\" data-end=\"414\">\n<li data-start=\"45\" data-end=\"71\">\n<p data-start=\"47\" data-end=\"71\"><strong data-start=\"47\" data-end=\"56\">\u00c9cran<\/strong>\u00a0: 6.7 pouces<\/p>\n<\/li>\n<li data-start=\"72\" data-end=\"91\">\n<p data-start=\"74\" data-end=\"91\"><strong data-start=\"74\" data-end=\"81\">SIM<\/strong>\u00a0: 2 SIM<\/p>\n<\/li>\n<li data-start=\"92\" data-end=\"122\">\n<p data-start=\"94\" data-end=\"122\"><strong data-start=\"94\" data-end=\"105\">R\u00e9seaux<\/strong>\u00a0: 4G \/ 3G \/ 2G<\/p>\n<\/li>\n<li data-start=\"123\" data-end=\"148\">\n<p data-start=\"125\" data-end=\"148\"><strong data-start=\"125\" data-end=\"140\">M\u00e9moire RAM<\/strong>\u00a0: 4GB<\/p>\n<\/li>\n<li data-start=\"149\" data-end=\"179\">\n<p data-start=\"151\" data-end=\"179\"><strong data-start=\"151\" data-end=\"170\">M\u00e9moire interne<\/strong>\u00a0: 64GB<\/p>\n<\/li>\n<li data-start=\"180\" data-end=\"215\">\n<p data-start=\"182\" data-end=\"215\"><strong data-start=\"182\" data-end=\"200\">Cam\u00e9ra arri\u00e8re<\/strong>\u00a0: 50MP + 2MP<\/p>\n<\/li>\n<li data-start=\"216\" data-end=\"242\">\n<p data-start=\"218\" data-end=\"242\"><strong data-start=\"218\" data-end=\"234\">Cam\u00e9ra avant<\/strong>\u00a0: 8MP<\/p>\n<\/li>\n<li data-start=\"243\" data-end=\"286\">\n<p data-start=\"245\" data-end=\"286\"><strong data-start=\"245\" data-end=\"271\">Syst\u00e8me d\u2019exploitation<\/strong>\u00a0: Android 14<\/p>\n<\/li>\n<li data-start=\"287\" data-end=\"334\">\n<p data-start=\"289\" data-end=\"334\"><strong data-start=\"289\" data-end=\"303\">Processeur<\/strong>\u00a0: Mediatek Helio G85 (12 nm)<\/p>\n<\/li>\n<li data-start=\"335\" data-end=\"374\">\n<p data-start=\"337\" data-end=\"374\"><strong data-start=\"337\" data-end=\"353\">Connectivit\u00e9<\/strong>\u00a0: Wi-Fi, Bluetooth<\/p>\n<\/li>\n<li data-start=\"375\" data-end=\"414\">\n<p data-start=\"377\" data-end=\"414\"><strong data-start=\"377\" data-end=\"389\">Batterie<\/strong>\u00a0: 5000 mAh, charge 25W<\/p>\n<\/li>\n<li data-start=\"445\" data-end=\"474\">\n<p data-start=\"447\" data-end=\"474\">SKU : SA024MP0JXEY1NAFAMZ<\/p>\n<\/li>\n<li data-start=\"512\" data-end=\"531\">\n<p data-start=\"514\" data-end=\"531\">Poids : 0,66 kg<\/p>\n<\/li>\n<\/ul>\n","protected":false},"excerpt":{"rendered":"<p>Le\u00a0<strong data-start=\"62\" data-end=\"84\">Samsung Galaxy A07<\/strong>\u00a0est un smartphone moderne et polyvalent, dot\u00e9 d\u2019une m\u00e9moire interne de\u00a0<strong data-start=\"156\" data-end=\"166\">128 Go<\/strong>\u00a0qui permet de stocker facilement photos, vid\u00e9os, applications et fichiers, avec la possibilit\u00e9 d\u2019\u00e9tendre l\u2019espace gr\u00e2ce \u00e0 une carte microSD. Sa\u00a0<strong data-start=\"311\" data-end=\"335\">m\u00e9moire vive de 4 Go<\/strong>\u00a0assure une fluidit\u00e9 agr\u00e9able pour la navigation, le multit\u00e2che et l\u2019utilisation des applications courantes. \u00c9l\u00e9gant et pratique, ce t\u00e9l\u00e9phone offre une exp\u00e9rience utilisateur fiable, id\u00e9ale aussi bien pour un usage quotidien que pour le divertissement.<\/p>\n","protected":false},"featured_media":6684,"comment_status":"open","ping_status":"closed","template":"","meta":[],"product_brand":[125],"product_cat":[146],"product_tag":[],"class_list":{"0":"post-6680","1":"product","2":"type-product","3":"status-publish","4":"has-post-thumbnail","6":"product_brand-samsung","7":"product_cat-smartphones","9":"first","10":"instock","11":"shipping-taxable","12":"purchasable","13":"product-type-simple"},"_cost_price":"","_links":{"self":[{"href":"https:\/\/ackyshop.com\/index.php\/wp-json\/wp\/v2\/product\/6680","targetHints":{"allow":["GET"]}}],"collection":[{"href":"https:\/\/ackyshop.com\/index.php\/wp-json\/wp\/v2\/product"}],"about":[{"href":"https:\/\/ackyshop.com\/index.php\/wp-json\/wp\/v2\/types\/product"}],"replies":[{"embeddable":true,"href":"https:\/\/ackyshop.com\/index.php\/wp-json\/wp\/v2\/comments?post=6680"}],"wp:featuredmedia":[{"embeddable":true,"href":"https:\/\/ackyshop.com\/index.php\/wp-json\/wp\/v2\/media\/6684"}],"wp:attachment":[{"href":"https:\/\/ackyshop.com\/index.php\/wp-json\/wp\/v2\/media?parent=6680"}],"wp:term":[{"taxonomy":"product_brand","embeddable":true,"href":"https:\/\/ackyshop.com\/index.php\/wp-json\/wp\/v2\/product_brand?post=6680"},{"taxonomy":"product_cat","embeddable":true,"href":"https:\/\/ackyshop.com\/index.php\/wp-json\/wp\/v2\/product_cat?post=6680"},{"taxonomy":"product_tag","embeddable":true,"href":"https:\/\/ackyshop.com\/index.php\/wp-json\/wp\/v2\/product_tag?post=6680"}],"curies":[{"name":"wp","href":"https:\/\/api.w.org\/{rel}","templated":true}]}}